4290. Is g prime?
False
Let z = 102977 - 46794. Is z a composite number?
True
Let m(h) = -h**2 - 23*h - 24. Let n be m(-14). Let y = n - 102. Suppose -40*q + 41*q - 1151 = y. Is q a prime number?
True
Suppose -2*o - 4*p = -835646, 4*o = 14*p - 11*p + 1671259. Is o a prime number?
False
Suppose w + 5*u + 897 = -w, 5*u = 25. Let o = -355 - w. Is o a prime number?
False
Let r = 279785 - 104748. Is r composite?
True
Suppose 2284063 = 35*k - 274752. Is k a prime number?
False
Suppose 70*s = 189*s - 19375699. Is s prime?
True
Let o = 54 + -50. Suppose 2 = -2*b - l + o*l, 4*l = -4*b - 24. Is (-2 - b)/(-2) + 1 + 161 prime?
False
Let q(t) = 2693*t**2 - 57*t + 383. Is q(6) a prime number?
True
Is 28567 - (-19)/(152/(-64)) a composite number?
False
Let p(w) = 130*w**2 + 2*w - 1. Let r be p(4). Let i be 45/10 - (-5 - 13/(-2)). Suppose -4*g - 990 = -o + 1092, -i*g = -o + r. Is o a prime number?
False
Let n(f) = -12*f + 20. Let t be n(17). Let v be (2/6)/(t/(-36) - 5). Suppose m - 4*j - 247 = 0, -v*m + 1039 = m + j. Is m composite?
True
Suppose 0 = -3*i + 4*y + 212451, -434524 = -5*i + 5*y - 80444. Is i prime?
False
Let p(f) be the third derivative of 7*f**5/30 - 9*f**4/4 + 29*f**3/2 + 43*f**2. Is p(-25) a composite number?
True
Let s(n) = -2*n + 12 + 17*n**3 - 7*n - 15*n**3. Let c be s(6). Let u = c - 212. Is u a prime number?
False
Is (-57)/(-15) + 24/120 + 277617 a prime number?
False
Suppose 4*m + 4 + 0 = 0. Let b(j) = -18*j**2 - 2*j - 3. Let k(h) = h + 1. Let x(d) = m*b(d) - 2*k(d). Is x(3) a composite number?
False
Suppose 44*d - 2858763 - 2549761 = 0. Is d prime?
True
Let n(g) = -187*g**3 - 20*g**2 - 115*g - 267. Is n(-8) a composite number?
True
Suppose -4*w + 2138806 = -62*k + 57*k, w - 534715 = -k. Is w composite?
True
Let n(g) = -g - 6. Let x be n(-6). Suppose 12*r + 2663 - 21083 = x. Is r a composite number?
True
Suppose -3*m + 40 = c, 5*c = -4*m + 3*c + 52. Is (-4)/m + (2 - 22129/(-7)) a prime number?
True
Let n(i) = -53 + 8 - 6 - 1692*i - 44. Is n(-12) composite?
True
Suppose -261106 = -27*m + 203645. Suppose 62049 - m = 22*s. Is s a composite number?
True
Suppose 0 = 9*f - 4*f. Let j = f + 2. Suppose -9 = -j*y - y. Is y composite?
False
Let w(j) = 17*j**2 - 38*j + 67. Let v be w(-29). Let r = v + -5099. Is r composite?
True
Suppose 49854872 - 11858889 = 109*m. Is m a composite number?
False
Let c(r) be the second derivative of 49*r**4/12 + 5*r**3 + 4*r**2 + 118*r. Is c(-9) a composite number?
True
Is (5 + (-45)/10)/(2/7457936*4) a prime number?
True
Suppose 0 = 3*p - 162278 - 221353. Is p prime?
True
Is 6 + 7/49*7 - (-1200)/3 a prime number?
False
Suppose 0 = -36*q + 30*q + 226398. Is q prime?
False
Suppose 87281 = 2*o - 4*b - 162605, 2*b = 5*o - 624747. Is o a prime number?
True
Let r(s) = s**3 + 2*s + 4. Let m be r(0). Let z(b) = b**3 - 5*b**2 + 6*b - 4. Let v be z(m). Suppose 3*f = -4*u + 3053 - 90, 0 = -u + v*f + 755. Is u prime?
True
Suppose 5409 = 4*h - 22315. Let y = h + -3022. Suppose -y = -11*z + 1954. Is z a prime number?
False
Let b = 10 + -17. Let k be (b + 1)*6/12. Let h(w) = 165*w**2 + 6*w + 4. Is h(k) a composite number?
False
Suppose 2*o + 8 + 6 = 2*d, 5*o + 17 = -d. Let v(t) be the third derivative of -t**6/120 - t**5/12 - 7*t**4/24 - t**3 - 28*t**2 + 6. Is v(o) composite?
True
Let k(c) = 3*c + 36. Let b be k(-9). Suppose 4975 = -b*i - 1289. Let u = i - -1085. Is u prime?
True
Suppose 3*s = -3*l + 1745034, 36*l = 35*l + 5*s + 581636. Is l a prime number?
False
Suppose 0 = -3*p + 4*d + 17 + 21, -3 = -3*p - 3*d. Suppose -5*h = -3*c - 8*h + p, 8 = 4*c - 2*h. Is c/(-12) + (-5414)/(-12) a prime number?
False
Let w = 452 - 449. Suppose 21*z = 20*z - 2*a + 4835, -a = w*z - 14495. Is z composite?
False
Suppose 17*o = 22*o + 105. Let u be ((-4)/10)/((o/(-30))/(-7)). Suppose -5*i + 4386 = -s + 5*s, 0 = u*s - 4*i - 4404. Is s a prime number?
False
Suppose 10*j = 23 + 27. Let g(z) = z**2 + 4*z - 7. Let l be g(-8). Suppose -l = -j*u, 2*m - 3*u - 2*u - 1909 = 0. Is m a prime number?
True
Let w = -16 + 19. Suppose -w*m = -2*p + 16, 2*m + 21 = -2*m + 3*p. Is (354/8)/(m/(-16)) a prime number?
False
Let d(z) = 3*z**3 + 13*z**2 + 15*z - 8. Let p be d(-5). Let n = 61 - p. Is n composite?
True
Let y = 42812 + 151695. Is y a prime number?
True
Let o = -54128 + 160977. Is o prime?
False
Let o = 257551 + -145314. Is o prime?
True
Let w(l) = 13655*l + 7207. Is w(32) a prime number?
True
Let w(n) = -45*n - 278. Let d(x) = 16*x + 403. Let c be d(-26). Is w(c) prime?
True
Is (-2220624)/420*15/(-12) composite?
True
Let i(w) = 14*w + 28. Let k be i(-2). Suppose 2*s - 9*s + 46165 = k. Is s prime?
False
Let y = -60 - -94. Let m = 38 - y. Suppose s - 78 = -2*w - 0*w, 3*s - 230 = -m*w. Is s a composite number?
True
Let v = -26 - -28. Suppose v*k + 6 = 4*k. Let q(r) = 8*r**3 - 4*r**2 + 6*r + 1. Is q(k) a composite number?
False
Let q(h) = -51*h**2 + 16*h - 7. Suppose -5*p = -25, 3*r + 4*p = 2*p + 28. Let u(b) = 50*b**2 - 15*b + 6. Let g(i) = r*u(i) + 5*q(i). Is g(4) a prime number?
False
Suppose 5*w - 2162331 = -2*u, 17*w - 12*w - 25 = 0. Is u prime?
True
Suppose 16*p = 53*p - 1362007. Is p composite?
True
Let x = -498 - 1897. Let y be -1185 - 3/((-3)/3). Let b = y - x. Is b prime?
True
Let o(f) = -f**3 - 89*f**2 + 1403*f - 18. Is o(-133) a composite number?
True
Let q be 3/3*(2 + 1774). Let o = q - 566. Suppose o = 5*d - 385. Is d composite?
True
Is -8 + (-329)/(-42) + (-3)/18*-3376291 prime?
False
Let h = 1190 + -181. Suppose h - 6286 = -3*l. Suppose 13284 + l = 7*z. Is z prime?
False
Let a = 276775 - 140880. Is a a composite number?
True
Suppose 6 = 3*p - p + w, 0 = -p + w + 9. Suppose -p*d = -178 - 37. Is d composite?
False
Let x be (2/6 - 0)/((-25)/(-225)). Suppose -3*q + 5*q + 5686 = 2*u, x*q - 11344 = -4*u. Is u a prime number?
False
Let s(c) = 3*c**3 + 4*c**2 - 4*c + 2. Let f be s(1). Suppose -q - 2*b + 5231 = 621, -f*q + 5*b + 23110 = 0. Is q a prime number?
False
Let j(l) = -2*l**3 - 62*l**2 + l - 50. Let z(k) = k**3 + 31*k**2 + 25. Let g(x) = -4*j(x) - 7*z(x). Is g(-31) prime?
True
Let y be (189/(-1))/(-3) - 5/(-5). Suppose -d = -1, -2*i - 156 = -4*d + y. Is ((i - 3) + 0)*(-37)/3 a composite number?
True
Let i = -8535 - -17203. Suppose 6*u - 13023 = 3*u - 4*q, 2*q + i = 2*u. Is u prime?
True
Let w = 452234 - 28665. Is w composite?
True
Suppose 6 = p + z, -3*p + 10 = -4*z - 8. Let s be ((-20)/(-6))/(p/9 + -1). Is s/(((-32)/(-2188))/(-4)) composite?
True
Let a(b) = -126*b**3 + 34*b**2 - 4*b + 55. Is a(-9) prime?
False
Let k(o) be the second derivative of o**4/2 - o**3 + 25*o**2/2 + o. Suppose 3*a - 3*z + 57 = 0, -5*a - 5*z - 70 = -15. Is k(a) prime?
False
Let p be -5 - -2 - (0 - (2296 + -2)). Let y = p - 630. Suppose 0 = 3*b + 5*z - y, -5*z = -3 + 13. Is b a composite number?
False
Let g be (-390)/117*((-3)/2)/1. Suppose 0 = -2*p - g*c + 17747, -3*c - 8890 = 2*p - 3*p. Is p a prime number?
False
Let s(r) = 48*r + 3. Let p(v) = 11*v + 0*v + 5*v + 1. Let b(d) = 11*p(d) - 4*s(d). Is b(-8) a composite number?
False
Let b(t) = 13987*t**3 + 59*t**2 - 119*t + 5. Is b(2) prime?
False
Suppose -m + 3*g = -61 - 452, 0 = 3*m + g - 1489. Let s = 149 + m. Is s a prime number?
True
Suppose 24*n + 7*n - 222766 = 0. Suppose 21*r - n = 13772. Is r a composite number?
True
Let i(s) = -44*s - 31. Suppose 24 = -16*c + 14*c. Is i(c) composite?
True
Is ((-2)/14)/((25/4788385)/(-5)) a prime number?
True
Let p be (-11 + (-27)/(-3))*3/(-2). Suppose -j = 1, -11663 = -2*i - p*i - 2*j. Is i a composite number?
False
Let q(h) = -1673*h - 137. Let y be q(-11). Let v = 5001 + y. Is v composite?
True
Suppose -4*z + 1223684 = -869178 + 521650. Is z prime?
True
Let f = 178 - 180. Is f + 1783*(0 - -1) composite?
True
Let t be ((-72)/6)/((-2)/196). Let o = 2390 + -1923. Suppose -4*k = 3*v - o - 3059, -2*k = v - t. Is v prime?
False
Suppose 80 = 97*z - 99*z. Let g = -38 - z. Suppose 1754 = 2*p + 5*d, -3*p - d = g*d - 2649. Is p a prime number?
True
Is (4/3)/(8 - 31/((-3002598)/(-774840))) composite?
False
Let l be 3 + (-3 + -1 - -43). Suppose 39*k + 477 = l*k. Is (544/48)/(2/k) composite?
True
Let j be 4/36 + (-32)/(-36). Is (-11)/(-77) - j/(-7)*3436 a prime number?
True
Let k(q) = -15963*q + 23. Is k(-1) prime?
False
Let x = -181845 - -520514. Is x a prime number?
True
Is (2/10)/(-3